er when 110 is divided by 39.
32
Calculate the remainder when 493 is divided by 55.
53
Calculate the remainder when 914 is divided by 7.
4
What is the remainder when 52103 is divided by 12?
11
What is the remainder when 908 is divided by 48?
44
What is the remainder when 124 is divided by 103?
21
What is the remainder when 2221 is divided by 318?
313
Calculate the remainder when 384 is divided by 81.
60
Calculate the remainder when 207 is divided by 20.
7
What is the remainder when 350 is divided by 13?
12
Calculate the remainder when 745 is divided by 71.
35
Calculate the remainder when 283 is divided by 57.
55
Calculate the remainder when 3397 is divided by 77.
9
What is the remainder when 2259 is divided by 223?
29
What is the remainder when 1040 is divided by 239?
84
What is the remainder when 28 is divided by 1?
0
What is the remainder when 229 is divided by 74?
7
Calculate the remainder when 108 is divided by 92.
16
Calculate the remainder when 22930 is divided by 273.
271
What is the remainder when 127 is divided by 21?
1
Calculate the remainder when 445 is divided by 433.
12
What is the remainder when 3431 is divided by 380?
11
What is the remainder when 367 is divided by 93?
88
What is the remainder when 132 is divided by 49?
34
Calculate the remainder when 725 is divided by 7.
4
What is the remainder when 188 is divided by 10?
8
What is the remainder when 142 is divided by 116?
26
Calculate the remainder when 71 is divided by 21.
8
Calculate the remainder when 445 is divided by 147.
4
Calculate the remainder when 97 is divided by 13.
6
Calculate the remainder when 114 is divided by 42.
30
What is the remainder when 406 is divided by 12?
10
What is the remainder when 783 is divided by 51?
18
Calculate the remainder when 784 is divided by 268.
248
Calculate the remainder when 1316 is divided by 7.
0
What is the remainder when 317 is divided by 3?
2
Calculate the remainder when 110 is divided by 90.
20
Calculate the remainder when 236 is divided by 78.
2
Calculate the remainder when 362 is divided by 60.
2
Calculate the remainder when 596 is divided by 20.
16
What is the remainder when 73 is divided by 30?
13
Calculate the remainder when 4571 is divided by 2.
1
What is the remainder when 2859 is divided by 95?
9
What is the remainder when 115 is divided by 60?
55
What is the remainder when 103 is divided by 15?
13
Calculate the remainder when 5016 is divided by 3.
0
What is the remainder when 1433 is divided by 7?
5
What is the remainder when 292 is divided by 99?
94
Calculate the remainder when 161 is divided by 85.
76
Calculate the remainder when 1909 is divided by 91.
89
What is the remainder when 2619 is divided by 69?
66
Calculate the remainder when 116 is divided by 49.
18
What is the remainder when 10919 is divided by 24?
23
Calculate the remainder when 3383 is divided by 2.
1
What is the remainder when 167 is divided by 165?
2
Calculate the remainder when 581 is divided by 195.
191
What is the remainder when 772 is divided by 326?
120
Calculate the remainder when 2178 is divided by 109.
107
What is the remainder when 1089 is divided by 84?
81
What is the remainder when 40 is divided by 26?
14
What is the remainder when 518 is divided by 75?
68
Calculate the remainder when 137 is divided by 14.
11
What is the remainder when 80 is divided by 7?
3
What is the remainder when 1798 is divided by 15?
13
Calculate the remainder when 4262 is divided by 8.
6
What is the remainder when 641 is divided by 28?
25
Calculate the remainder when 3441 is divided by 12.
9
What is the remainder when 163 is divided by 11?
9
What is the remainder when 2077 is divided by 7?
5
Calculate the remainder when 96 is divided by 34.
28
Calculate the remainder when 8611 is divided by 12.
7
What is the remainder when 135 is divided by 69?
66
Calculate the remainder when 3273 is divided by 78.
75
Calculate the remainder when 170 is divided by 7.
2
What is the remainder when 461 is divided by 39?
32
Calculate the remainder when 837 is divided by 168.
165
What is the remainder when 544 is divided by 39?
37
Calculate the remainder when 809 is divided by 39.
29
Calculate the remainder when 3558 is divided by 89.
87
Calculate the remainder when 528 is divided by 14.
10
Calculate the remainder when 285 is divided by 25.
10
Calculate the remainder when 331 is divided by 81.
7
What is the remainder when 358 is divided by 40?
38
Calculate the remainder when 389 is divided by 17.
15
Calculate the remainder when 873 is divided by 59.
47
Calculate the remainder when 547 is divided by 25.
22
Calculate the remainder when 6335 is divided by 8.
7
Calculate the remainder when 216 is divided by 7.
6
What is the remainder when 138 is divided by 40?
18
What is the remainder when 1954 is divided by 635?
49
What is the remainder when 1393 is divided by 343?
21
Calculate the remainder when 857 is divided by 26.
25
Calculate the remainder when 2548 is divided by 29.
25
What is the remainder when 261 is divided by 70?
51
What is the remainder when 318 is divided by 10?
8
Calculate the remainder when 2117 is divided by 526.
13
Calculate the remainder when 140 is divided by 15.
5
Calculate the remainder when 268 is divided by 98.
72
Calculate the remainder when 239 is divided by 48.
47
Calculate the remainder when 95 is divided by 16.
15
What is the remainder when 25 is divided by 10?
5
What is the remainder when 54 is divided by 8?
6
Calculate the remainder when 400 is divided by 263.
137
What is the remainder when 35 is divided by 19?
16
Calculate the remainder when 334 is divided by 173.
161
Calculate the remainder when 46725 is divided by 122.
121
What is the remainder when 4380 is divided by 137?
133
What is the remainder when 25 is divided by 2?
1
What is the remainder when 369 is divided by 53?
51
Calculate the remainder when 3431 is divided by 6.
5
What is the remainder when 593 is divided by 192?
17
What is the remainder when 2884 is divided by 17?
11
What is the remainder when 533 is divided by 141?
110
Calculate the remainder when 408 is divided by 45.
3
Calculate the remainder when 956 is divided by 173.
91
Calculate the remainder when 791 is divided by 364.
63
Calculate the remainder when 7361 is divided by 6.
5
What is the remainder when 1493 is divided by 168?
149
Calculate the remainder when 3862 is divided by 28.
26
Calculate the remainder when 571 is divided by 53.
41
What is the remainder when 376 is divided by 78?
64
What is the remainder when 1274 is divided by 2?
0
What is the remainder when 1597 is divided by 391?
33
Calculate the remainder when 476 is divided by 230.
16
Calculate the remainder when 4970 is divided by 63.
56
What is the remainder when 143 is divided by 24?
23
What is the remainder when 1006 is divided by 26?
18
What is the remainder when 274 is divided by 27?
4
Calculate the remainder when 470 is divided by 149.
23
What is the remainder when 161 is divided by 24?
17
Calculate the remainder when 2484 is divided by 192.
180
Calculate the remainder when 1210 is divided by 15.
10
What is the remainder when 356 is divided by 153?
50
What is the remainder when 527 is divided by 133?
128
Calculate the remainder when 1972 is divided by 47.
45
Calculate the remainder when 1486 is divided by 16.
14
What is the remainder when 420 is divided by 13?
4
Calculate the remainder when 5448 is divided by 58.
54
What is the remainder when 140 is divided by 31?
16
Calculate the remainder when 1159 is divided by 55.
4
Calculate the remainder when 552 is divided by 35.
27
Calculate the remainder when 119 is divided by 24.
23
Calculate the remainder when 660 is divided by 106.
24
What is the remainder when 577 is divided by 148?
133
Calculate the remainder when 864 is divided by 19.
9
Calculate the remainder when 1518 is divided by 118.
102
Calculate the remainder when 1427 is divided by 706.
15
What is the remainder when 4647 is divided by 155?
152
Calculate the remainder when 1202 is divided by 86.
84
Calculate the remainder when 505 is divided by 34.
29
Calculate the remainder when 888 is divided by 134.
84
What is the remainder when 280 is divided by 72?
64
What is the remainder when 210 is divided by 37?
25
Calculate the remainder when 462 is divided by 150.
12
Ca